 factors of x?
2, 31, 37
Let t = 50 - -45. Suppose 0 = -3*a + 112 + t. What are the prime factors of a?
3, 23
Suppose j + 4*u - 3618 = 0, 0 = -j + 3*j - 4*u - 7188. What are the prime factors of j?
2, 1801
Let s = 14 + -11. List the prime factors of 7*44/6*s + -4.
2, 3, 5
Suppose 4*h - 84 = 11*h. Let a = h + 25. List the prime factors of a.
13
Let p(j) = 9*j**3 - 6*j**2 - 17*j + 56. List the prime factors of p(5).
2, 11, 43
Suppose -3*n + 2*x = -4*n + 2765, -8350 = -3*n + 5*x. List the prime factors of n.
3, 5, 37
Let w = -776 - -3288. List the prime factors of w.
2, 157
Let h(o) = 349*o**2 - 17*o + 20. What are the prime factors of h(2)?
2, 691
Let r be (-15)/25 - 65/(-25). Suppose 0*t + r*t = 2*g - 336, t - 164 = -g. List the prime factors of g.
2, 83
Suppose -n + 186 = 5*n. Suppose 0 = -9*y + 1390 - n. List the prime factors of y.
151
Suppose 0 = -12*h + 7*h + 1415. Suppose u - c - 83 = 0, -h = -5*u - 4*c + 168. What are the prime factors of u?
3, 29
Let w(g) = g**3 - g + 2. Let p be w(-2). Let y be p/(-6) + 1166/6. Suppose -5*a + 159 = 3*z - 0*z, 4*z = -a + y. What are the prime factors of z?
2, 3
Let j(k) = 10*k**2 + 9*k - 5. Let i be (-6)/10 + 108/30. What are the prime factors of j(i)?
2, 7
Let a(t) be the first derivative of t**3/2 - 5*t**2 - 5*t + 7. Let n(s) be the first derivative of a(s). List the prime factors of n(8).
2, 7
Suppose -5*c = 2*g - 2505, 0 = -2*c + c + 3*g + 484. What are the prime factors of c?
499
Let g = 20 + -4. What are the prime factors of 1/2 - (-488)/g?
31
Suppose -8699 = -26*z - 2277. What are the prime factors of z?
13, 19
Let z be (-2)/((3/1)/(-180)). Let c = z + -52. List the prime factors of c.
2, 17
Suppose 283*n - 221*n = 229586. List the prime factors of n.
7, 23
Suppose -3688*g + 3680*g = -26128. List the prime factors of g.
2, 23, 71
Suppose -7 - 35 = 3*v. Let d = 31 - v. List the prime factors of d.
3, 5
List the prime factors of 6/21 + 5857/7 + 4.
29
Suppose 37*s - 38*s = -825. What are the prime factors of s?
3, 5, 11
Suppose 2*u + 5*q = -258 + 902, 672 = 2*u - 2*q. List the prime factors of u.
2, 83
Let r = 313 - 66. Suppose -23 + r = 4*y. List the prime factors of y.
2, 7
Suppose -4*r - 3*d = -493, r = -0*d - 4*d + 120. Suppose -3*a + 2*a = -r. Suppose -z + a = 5*n - 237, -3*n = -z - 215. List the prime factors of n.
2, 3
Let d = -24 + 16. Let v(g) = -2*g**2 - 20*g - 4. What are the prime factors of v(d)?
2, 7
Let b = 25 - -648. What are the prime factors of b?
673
Let b(j) = -19*j + 1. Let z be b(3). Let k = 19 + 63. Let t = k + z. What are the prime factors of t?
2, 13
Let c(r) = -129*r - 95. What are the prime factors of c(-9)?
2, 13, 41
Suppose 5*v - 24 = -n - 3, -3*v + 4*n + 31 = 0. Suppose v*r - 246 = -61. List the prime factors of r.
37
Let z(k) be the first derivative of k**5/30 + k**4/8 - k**3/2 + 2*k**2 - 3. Let j(w) be the second derivative of z(w). What are the prime factors of j(-3)?
2, 3
Let j = 1205 - 772. List the prime factors of j.
433
List the prime factors of -1 - 0 - (-633 + 96/(-12)).
2, 5
Let s = -9 + 11. Suppose -s*u + 3*x + 19 = 0, 0 = -2*u + 5*x - 9 + 34. Suppose o - 356 = -9*i + 4*i, o = u*i - 354. List the prime factors of i.
71
Suppose -2*p = p + 9. Let b be (0 + p/(-3))*0. Suppose b = 5*u + 29 - 89. List the prime factors of u.
2, 3
Let g(u) = u**3 - 5*u**2 + u - 2. Let r be g(5). Suppose 43 = -r*v + 4*v. What are the prime factors of v?
43
Suppose -11*u + 4*j = -8*u - 4524, -12 = -4*j. List the prime factors of u.
2, 3, 7
List the prime factors of -1*(-11976)/(-6)*7/(-14).
2, 499
Suppose 0 = -5*g + 5, -29 = -4*p - g - 0*g. Suppose -p*q + 2*q = -1175. List the prime factors of q.
5, 47
Suppose -n = 4*m - 933, -m + 1145 = 4*m - 3*n. List the prime factors of m.
2, 29
Suppose 4*w = 52 + 20. Suppose -20*a + 200 = -w*a. List the prime factors of a.
2, 5
Let w(m) = -m**3 - 35*m**2 - 123*m + 65. What are the prime factors of w(-31)?
2, 17
Let k(o) = 48*o**3 + 2*o - 2. Let c = -51 - -52. List the prime factors of k(c).
2, 3
Let p(v) = -6 - 15 - 4*v + v + 25. Let b be p(0). Suppose 0 = -3*l + 2*l - 5*g + 6, -b*g = 2*l - 36. What are the prime factors of l?
2, 13
Let n be (1 + -7)/(14/(-77)). Suppose -5*v - 27 - n = 0. Let s = 51 + v. List the prime factors of s.
3, 13
Suppose k + 3*k = -2*u + 18, 0 = 4*k + 4. Let p = 32 + u. List the prime factors of p.
43
Let i be (-4 + 4)*2/(-6). Suppose i = c + 4*c. Suppose c = h - 17 - 4. List the prime factors of h.
3, 7
What are the prime factors of 14 + -2 + 4 - (35 + -28)?
3
Let l be (2 - 5)/(2/(-46)). Suppose 0*r - 15*r - 600 = 0. Let y = r + l. What are the prime factors of y?
29
Let w be (-1 - -10) + 2 - 1. Let q = w + -2. Suppose j - q = -1. List the prime factors of j.
7
Let u(h) = -h**3 + 14*h**2 - 4*h - 8. Let r be u(10). Suppose 0 = -5*c + 2*y + 2*y + r, -189 = -3*c - 5*y. List the prime factors of c.
2, 17
Let a(l) = l**3 + 20*l**2 + 22*l - 35. List the prime factors of a(-17).
2, 229
Let x be (-1)/(2 + -1) + 1. Suppose -5*b + 2*b + 3*k + 6 = 0, b = -2*k + 11. Suppose -b*p = x, -4*g + 5*p + 54 = -3*g. List the prime factors of g.
2, 3
Suppose 3*p - 2*j - 4203 = 1401, p - 1882 = -4*j. What are the prime factors of p?
2, 5, 11, 17
Suppose b - 6 + 23 = 0. Let i be (37/(-3))/(2/(-6)). Let x = i + b. What are the prime factors of x?
2, 5
Suppose -1991 = -2*j + 1215. What are the prime factors of j?
7, 229
Let j = -42 - -19. Let a be (-8)/3*(j + -1). Let n = -37 + a. List the prime factors of n.
3
Suppose -5*i - 7 = -2*i + s, -2*i - 8 = 4*s. Let b be (1602/(-36))/(i/4). Let l = 126 - b. What are the prime factors of l?
37
Let k(v) = -3*v + 7. Let d(q) = q**3 + q. Let f be d(1). Let h be f/((-6)/(-45)*-3). What are the prime factors of k(h)?
2, 11
Suppose -83 = -4*p - n, 2*p - 34 = 2*n + 10. Let o = p - -123. What are the prime factors of o?
2, 3
Let w(n) = -n**2 - 2*n. Let h be w(-2). Suppose h = 4*x + q - 273, -q + 3*q + 144 = 2*x. Let s = x - 40. List the prime factors of s.
29
Suppose 0 = 7*j - 2*j - 170. List the prime factors of (-4)/j - (-5048)/136.
37
Let j(i) = -i**2 + 2*i + 4. Let u be j(3). Let x be 0/(-2)*(u - 0). Suppose 3*b + b - 92 = x. List the prime factors of b.
23
Let b(r) = 37*r**3 + r**2 - 20*r + 50. What are the prime factors of b(4)?
2, 11, 107
Let b = 409 - 32. List the prime factors of b.
13, 29
Let y = -18 - -14. Let a be (-84)/(-2) - (y - -1). Suppose 0*g = 3*g - a. What are the prime factors of g?
3, 5
Let r(z) = z - 8. Let c be r(6). Let t be (-35)/c*480/56. Let g = -95 + t. What are the prime factors of g?
5, 11
Let h(q) = q**2 + 8*q + 7. Let o be h(-7). Suppose y + o*y = 0. Suppose -2*j = 4*l - 0*j - 34, -4*j - 4 = y. List the prime factors of l.
3
Let n(a) = 4*a - 14. Let h be n(11). Suppose -5*i + 5*y - h = 0, -2*i - y + 8 = -4*i. List the prime factors of 2/(-3)*(i + -40).
2, 7
Let t(x) = x + 37. Let k be t(-15). Let u = 49 - k. List the prime factors of u.
3
Let y be (-2)/(-3) + (-8)/3. Let j(u) = u. Let k(n) = -7*n + 1. Let a(t) = 2*j(t) + k(t). List the prime factors of a(y).
11
Suppose -2*n - 5*y = -98, n - 2*y = 3*n - 86. Let k = 101 - n. List the prime factors of k.
2, 31
Suppose -3 = 2*m - 3*c - 0, 3*m - 2*c - 8 = 0. Suppose -f + 4 + 4 = 3*z, -2*f = 4*z - m. Let k(v) = -8*v - 1. List the prime factors of k(f).
5, 11
Let o(a) = -3*a**2 - 14*a - 7. Suppose 2 = m - 3. Let d(r) = -7*r**2 - 29*r - 14. Let z(n) = m*o(n) - 2*d(n). What are the prime factors of z(-11)?
2
Let t be (-32)/(-12)*(-9)/(-4). Let r(i) = -i**2 + 8*i - 13. Let o be r(4). Let f = o + t. What are the prime factors of f?
3
What are the prime factors of 40/(-15) - ((-172500)/(-9))/(-4)?
4789
Suppose 2*w - 12 = 6*w. Let r be w - ((-10)/(-5) + -289). Suppose 2*p = -2*p + r. List the prime factors of p.
71
List the prime factors of (-995 - -7)*25/(-20).
5, 13, 19
Let g(y) = 3*y - 18. Suppose -6 = -6*x + 54. List the prime factors of g(x).
2, 3
Let k = -642 + 640. Suppose 0 = 4*w - 459 + 87. What are the prime factors of (k - (-21)/9)*w?
31
Let x(s) = s**2 - 11*s - 18. Let k be x(13). What are the prime factors of (35/10 - -2)*k?
2, 11
Let h(x) = -x**3 - 9*x**2 + 8*x. Let g be h(-10). Let y = -7 + g. What are the prime factors of y?
13
Suppose -664 - 2160 = -3*u - 5*a, 4*a - 953 = -u. List the prime factors of u.
3, 311
Suppos